{"id":144,"date":"2024-09-12T19:39:07","date_gmt":"2024-09-12T19:39:07","guid":{"rendered":"https:\/\/romanmuvhazgyula.hu\/?page_id=144"},"modified":"2025-11-26T11:44:18","modified_gmt":"2025-11-26T11:44:18","slug":"kezdolap","status":"publish","type":"page","link":"https:\/\/romanmuvhazgyula.hu\/","title":{"rendered":"Kezd\u0151lap"},"content":{"rendered":"<p>[et_pb_section fb_built=&#8221;1&#8243; _builder_version=&#8221;4.27.0&#8243; _module_preset=&#8221;default&#8221; global_colors_info=&#8221;{}&#8221;][et_pb_row _builder_version=&#8221;4.27.0&#8243; _module_preset=&#8221;default&#8221; height=&#8221;378px&#8221; global_colors_info=&#8221;{}&#8221;][et_pb_column type=&#8221;4_4&#8243; _builder_version=&#8221;4.27.0&#8243; _module_preset=&#8221;default&#8221; global_colors_info=&#8221;{}&#8221;][et_pb_slider _builder_version=&#8221;4.27.0&#8243; _module_preset=&#8221;default&#8221; button_alignment=&#8221;center&#8221; height=&#8221;395px&#8221; custom_margin=&#8221;||0px||false|false&#8221; custom_padding=&#8221;4px||0px||false|false&#8221; auto=&#8221;on&#8221; global_colors_info=&#8221;{}&#8221;][et_pb_slide heading=&#8221;K\u00f6z\u00f6ss\u00e9gi pillanatok&#8221; image=&#8221;https:\/\/romanmuvhazgyula.hu\/wp-content\/uploads\/2025\/05\/g11.jpg&#8221; _builder_version=&#8221;4.27.0&#8243; _module_preset=&#8221;default&#8221; global_colors_info=&#8221;{}&#8221; sticky_transition=&#8221;on&#8221;][\/et_pb_slide][et_pb_slide heading=&#8221;K\u00f6z\u00f6ss\u00e9gi pillanatok&#8221; image=&#8221;https:\/\/romanmuvhazgyula.hu\/wp-content\/uploads\/2025\/03\/Himzomuhely-06.jpg&#8221; _builder_version=&#8221;4.27.0&#8243; _module_preset=&#8221;default&#8221; global_colors_info=&#8221;{}&#8221; sticky_transition=&#8221;on&#8221;][\/et_pb_slide][et_pb_slide heading=&#8221;K\u00f6z\u00f6ss\u00e9gi pillanatok&#8221; image=&#8221;https:\/\/romanmuvhazgyula.hu\/wp-content\/uploads\/2024\/11\/Kep90-copy.jpg&#8221; _builder_version=&#8221;4.27.0&#8243; _module_preset=&#8221;default&#8221; global_colors_info=&#8221;{}&#8221; sticky_transition=&#8221;on&#8221;][\/et_pb_slide][et_pb_slide heading=&#8221;K\u00f6z\u00f6ss\u00e9gi pillanatok&#8221; image=&#8221;https:\/\/romanmuvhazgyula.hu\/wp-content\/uploads\/2024\/11\/Kep55-copy.jpg&#8221; _builder_version=&#8221;4.27.0&#8243; _module_preset=&#8221;default&#8221; global_colors_info=&#8221;{}&#8221; sticky_transition=&#8221;on&#8221;][\/et_pb_slide][et_pb_slide heading=&#8221;K\u00f6z\u00f6ss\u00e9gi pillanatok&#8221; image=&#8221;https:\/\/romanmuvhazgyula.hu\/wp-content\/uploads\/2024\/11\/Kep21-copy.jpg&#8221; _builder_version=&#8221;4.27.0&#8243; _module_preset=&#8221;default&#8221; global_colors_info=&#8221;{}&#8221; sticky_transition=&#8221;on&#8221;][\/et_pb_slide][et_pb_slide heading=&#8221;K\u00f6z\u00f6ss\u00e9gi pillanatok&#8221; image=&#8221;https:\/\/romanmuvhazgyula.hu\/wp-content\/uploads\/2024\/11\/Kep37-copy.jpg&#8221; _builder_version=&#8221;4.27.0&#8243; _module_preset=&#8221;default&#8221; global_colors_info=&#8221;{}&#8221; sticky_transition=&#8221;on&#8221;][\/et_pb_slide][et_pb_slide heading=&#8221;K\u00f6z\u00f6ss\u00e9gi pillanatok&#8221; image=&#8221;https:\/\/romanmuvhazgyula.hu\/wp-content\/uploads\/2024\/11\/Kep8-copy.jpg&#8221; _builder_version=&#8221;4.27.0&#8243; _module_preset=&#8221;default&#8221; global_colors_info=&#8221;{}&#8221; sticky_transition=&#8221;on&#8221;][\/et_pb_slide][et_pb_slide heading=&#8221;K\u00f6z\u00f6ss\u00e9gi pillanatok&#8221; image=&#8221;https:\/\/romanmuvhazgyula.hu\/wp-content\/uploads\/2024\/11\/tabor3.jpg&#8221; _builder_version=&#8221;4.27.0&#8243; _module_preset=&#8221;default&#8221; global_colors_info=&#8221;{}&#8221; sticky_transition=&#8221;on&#8221;][\/et_pb_slide][et_pb_slide heading=&#8221;K\u00f6z\u00f6ss\u00e9gi pillanatok&#8221; image=&#8221;https:\/\/romanmuvhazgyula.hu\/wp-content\/uploads\/2024\/11\/Kep30-copy.jpg&#8221; _builder_version=&#8221;4.27.0&#8243; _module_preset=&#8221;default&#8221; global_colors_info=&#8221;{}&#8221; sticky_transition=&#8221;on&#8221;][\/et_pb_slide][et_pb_slide heading=&#8221;K\u00f6z\u00f6ss\u00e9gi pillanatok&#8221; image=&#8221;https:\/\/romanmuvhazgyula.hu\/wp-content\/uploads\/2024\/11\/Kep71-copy.jpg&#8221; _builder_version=&#8221;4.27.0&#8243; _module_preset=&#8221;default&#8221; global_colors_info=&#8221;{}&#8221; sticky_transition=&#8221;on&#8221;][\/et_pb_slide][et_pb_slide heading=&#8221;K\u00f6z\u00f6ss\u00e9gi pillanatok&#8221; image=&#8221;https:\/\/romanmuvhazgyula.hu\/wp-content\/uploads\/2024\/11\/Kep74-copy.jpg&#8221; _builder_version=&#8221;4.27.0&#8243; _module_preset=&#8221;default&#8221; global_colors_info=&#8221;{}&#8221; sticky_transition=&#8221;on&#8221;][\/et_pb_slide][et_pb_slide heading=&#8221;K\u00f6z\u00f6ss\u00e9gi pillanatok&#8221; image=&#8221;https:\/\/romanmuvhazgyula.hu\/wp-content\/uploads\/2024\/11\/Kep106-copy.jpg&#8221; _builder_version=&#8221;4.27.0&#8243; _module_preset=&#8221;default&#8221; global_colors_info=&#8221;{}&#8221; sticky_transition=&#8221;on&#8221;][\/et_pb_slide][et_pb_slide heading=&#8221;K\u00f6z\u00f6ss\u00e9gi pillanatok&#8221; image=&#8221;https:\/\/romanmuvhazgyula.hu\/wp-content\/uploads\/2025\/05\/d7-scaled.jpg&#8221; _builder_version=&#8221;4.27.0&#8243; _module_preset=&#8221;default&#8221; global_colors_info=&#8221;{}&#8221; sticky_transition=&#8221;on&#8221;][\/et_pb_slide][et_pb_slide heading=&#8221;K\u00f6z\u00f6ss\u00e9gi pillanatok&#8221; image=&#8221;https:\/\/romanmuvhazgyula.hu\/wp-content\/uploads\/2025\/05\/d6-scaled.jpg&#8221; _builder_version=&#8221;4.27.0&#8243; _module_preset=&#8221;default&#8221; global_colors_info=&#8221;{}&#8221; sticky_transition=&#8221;on&#8221;][\/et_pb_slide][et_pb_slide heading=&#8221;K\u00f6z\u00f6ss\u00e9gi pillanatok&#8221; image=&#8221;https:\/\/romanmuvhazgyula.hu\/wp-content\/uploads\/2025\/05\/d5-scaled.jpg&#8221; _builder_version=&#8221;4.27.0&#8243; _module_preset=&#8221;default&#8221; global_colors_info=&#8221;{}&#8221; sticky_transition=&#8221;on&#8221;][\/et_pb_slide][et_pb_slide heading=&#8221;K\u00f6z\u00f6ss\u00e9gi pillanatok&#8221; image=&#8221;https:\/\/romanmuvhazgyula.hu\/wp-content\/uploads\/2025\/05\/d4.jpg&#8221; _builder_version=&#8221;4.27.0&#8243; _module_preset=&#8221;default&#8221; global_colors_info=&#8221;{}&#8221; sticky_transition=&#8221;on&#8221;][\/et_pb_slide][\/et_pb_slider][\/et_pb_column][\/et_pb_row][et_pb_row _builder_version=&#8221;4.27.0&#8243; _module_preset=&#8221;default&#8221; background_color=&#8221;#FFFFFF&#8221; custom_padding=&#8221;|||14px|false|false&#8221; border_color_all=&#8221;#0e31f7&#8243; global_colors_info=&#8221;{}&#8221;][et_pb_column type=&#8221;4_4&#8243; _builder_version=&#8221;4.27.0&#8243; _module_preset=&#8221;default&#8221; global_colors_info=&#8221;{}&#8221;][et_pb_heading title=&#8221;H\u00edrek, Esem\u00e9nyek&#8221; _builder_version=&#8221;4.27.0&#8243; _module_preset=&#8221;default&#8221; title_font=&#8221;Antonio|700|||||||&#8221; title_text_align=&#8221;center&#8221; title_text_color=&#8221;#0047E0&#8243; title_font_size=&#8221;45px&#8221; title_letter_spacing=&#8221;7px&#8221; custom_margin=&#8221;50px|||-15px|false|false&#8221; box_shadow_style=&#8221;preset1&#8243; global_colors_info=&#8221;{}&#8221;][\/et_pb_heading][\/et_pb_column][\/et_pb_row][et_pb_row _builder_version=&#8221;4.27.0&#8243; _module_preset=&#8221;default&#8221; min_height=&#8221;742.6px&#8221; custom_margin=&#8221;17px|auto||auto||&#8221; custom_padding=&#8221;|||17px|false|false&#8221; box_shadow_style=&#8221;preset1&#8243; box_shadow_spread=&#8221;1px&#8221; global_colors_info=&#8221;{}&#8221;][et_pb_column type=&#8221;4_4&#8243; _builder_version=&#8221;4.27.0&#8243; _module_preset=&#8221;default&#8221; global_colors_info=&#8221;{}&#8221;][et_pb_blog include_categories=&#8221;1,4&#8243; show_more=&#8221;on&#8221; _builder_version=&#8221;4.27.0&#8243; _module_preset=&#8221;default&#8221; hover_enabled=&#8221;0&#8243; global_colors_info=&#8221;{}&#8221; sticky_enabled=&#8221;0&#8243;][\/et_pb_blog][\/et_pb_column][\/et_pb_row][\/et_pb_section]<\/p>\n","protected":false},"excerpt":{"rendered":"","protected":false},"author":1,"featured_media":0,"parent":0,"menu_order":0,"comment_status":"closed","ping_status":"closed","template":"","meta":{"_et_pb_use_builder":"on","_et_pb_old_content":"","_et_gb_content_width":"","footnotes":""},"class_list":["post-144","page","type-page","status-publish","hentry"],"_links":{"self":[{"href":"https:\/\/romanmuvhazgyula.hu\/index.php\/wp-json\/wp\/v2\/pages\/144","targetHints":{"allow":["GET"]}}],"collection":[{"href":"https:\/\/romanmuvhazgyula.hu\/index.php\/wp-json\/wp\/v2\/pages"}],"about":[{"href":"https:\/\/romanmuvhazgyula.hu\/index.php\/wp-json\/wp\/v2\/types\/page"}],"author":[{"embeddable":true,"href":"https:\/\/romanmuvhazgyula.hu\/index.php\/wp-json\/wp\/v2\/users\/1"}],"replies":[{"embeddable":true,"href":"https:\/\/romanmuvhazgyula.hu\/index.php\/wp-json\/wp\/v2\/comments?post=144"}],"version-history":[{"count":22,"href":"https:\/\/romanmuvhazgyula.hu\/index.php\/wp-json\/wp\/v2\/pages\/144\/revisions"}],"predecessor-version":[{"id":772,"href":"https:\/\/romanmuvhazgyula.hu\/index.php\/wp-json\/wp\/v2\/pages\/144\/revisions\/772"}],"wp:attachment":[{"href":"https:\/\/romanmuvhazgyula.hu\/index.php\/wp-json\/wp\/v2\/media?parent=144"}],"curies":[{"name":"wp","href":"https:\/\/api.w.org\/{rel}","templated":true}]}}